s digit of i?
5
Let w(y) = -6*y + 3. Let k(c) = -c. Let d(p) = 3*k(p) - w(p). Let m be d(0). What is the units digit of (-1*(-9)/6)/(m/(-180))?
0
Suppose -3*c - 12702 = -4*c - r, c = 5*r + 12732. What is the ten thousands digit of c?
1
Let m = -780 - -316. Let o = -130 - m. What is the hundreds digit of o?
3
Let c(w) = -24*w - 8 + 65 - 33*w. What is the hundreds digit of c(-4)?
2
Let c be -3*(-2)/(-3 + (-2 - -7)). Let l(v) = 11*v**2 + v - 3. What is the tens digit of l(c)?
9
Let h = -60 + 864. Suppose -9*m + h = -5*m. Let d = -85 + m. What is the hundreds digit of d?
1
Suppose 9*z = 4*z, 2*z = g + 297. What is the hundreds digit of 0 - -1 - -5 - g?
3
Suppose -20*s - 36 = -32*s. Suppose -v = 2*p - 554, -2*p + 3*p = s*v + 291. What is the tens digit of p?
7
Let b be (2/(-5))/(9/450*-5). What is the units digit of 1*(b - (-179 - 5))?
8
Suppose -36 = -4*i - 3*n - 14, -5*n - 38 = -4*i. Suppose 3*v = -i*v. What is the tens digit of 37 - (4 + v)*-1?
4
Suppose 451*v = 456*v - 278530. What is the ten thousands digit of v?
5
Suppose -548 = -6*r + 2*r. Let b = -100 + 160. Let w = r - b. What is the tens digit of w?
7
Let i = 1556 + -3219. Let w = 2739 + i. What is the thousands digit of w?
1
Suppose 0 = 3*b - 14 - 40. Suppose 7*o - o = b. Suppose 0*m = -5*m + o*l + 544, -5*l = 2*m - 230. What is the hundreds digit of m?
1
What is the units digit of (-341395)/(-11) + 2448/2244?
7
Let s(a) = a + 155*a**2 + 475*a**2 - 293*a**2 + 408*a**2 + 2*a - 2. What is the units digit of s(1)?
6
Suppose -254114 = -50*d + d. What is the thousands digit of d?
5
Suppose -3*g = 0, 2*g + 0*g = -5*u + 5. Suppose -3*p = 2*o - 40, 3*o - u + 32 = 2*p. What is the tens digit of p?
1
Let u = 351 - 347. Suppose -1368 - 540 = -u*w. What is the tens digit of w?
7
Let a(t) = -t**3 - 7*t**2 + t + 17. Let m = 23 - 29. Let j = -1 + m. What is the tens digit of a(j)?
1
Suppose -4*i + 2003 + 37 = 0. Suppose -156*o + 150*o + i = 0. What is the tens digit of o?
8
Let q(j) = -908*j + 3802. What is the tens digit of q(-27)?
1
Let j(r) = 13*r**2 + 6*r + 31. Suppose 5*f - 3 - 6 = -2*m, -3*m - 4*f + 17 = 0. Let k be j(m). Suppose -5*h = 5*h - k. What is the units digit of h?
1
Suppose -10*o + 4*o = -7*o + 16164. What is the ten thousands digit of o?
1
Suppose 3*m + 3*c = -2*c - 11, 0 = -2*c - 8. Suppose 0 = 5*d + 3*a - 1302, -3*d = -2*d - m*a - 246. What is the hundreds digit of d?
2
Suppose 4*o - 5*m - 29859 = 0, 29*m - 33*m + 7470 = o. What is the thousands digit of o?
7
Suppose 0 = -32*q + 29*q - 6. What is the units digit of 422/((-8)/(-2)*q/(-12))?
3
Let l(d) = -1696*d - 115. What is the ten thousands digit of l(-16)?
2
Suppose 92*a - 23058924 = -357*a - 8517610. What is the thousands digit of a?
2
Suppose 0 = 2*b - 1523 - 2095. Suppose 0 = -37*t + 2483 + b. What is the hundreds digit of t?
1
Suppose 5*o + 95 = 660. Let x = o + 588. What is the units digit of x?
1
Suppose 0 = 15*m - 29305 - 22910. Suppose 6*k = 1421 + m. What is the hundreds digit of k?
8
Suppose 2*i - 2266 - 5400 = 0. Suppose i - 13447 = -22*z. What is the hundreds digit of z?
4
Suppose 138 = 5*l - 3*x, -117 = -5*l + 5*x + 13. What is the units digit of (-135)/(-5)*5/l*136?
2
Suppose 5*y + 0*j = -3*j + 6, -3*j = -5*y + 24. Let c be (-1)/(y/(-18) + 23764/142728). What is the hundreds digit of 2/4 + c/38?
1
What is the units digit of 2415 - (-4)/(-12)*-39?
8
Let d(y) be the second derivative of y**4/12 + y**3/2 + 4*y**2 + 22*y. Let g be d(-3). Let z(w) = 8*w - 4. What is the units digit of z(g)?
0
Suppose p = -28 + 556. Suppose j + 5*j = p. Suppose -5*w - m = -j, 0 = 5*m + 9 + 1. What is the units digit of w?
8
Let q(h) be the second derivative of h**5/10 - 11*h**4/4 + 23*h**3/6 - 17*h**2 + 2*h + 183. What is the hundreds digit of q(18)?
3
Let d = -217 - -222. Suppose -725 = -d*z + 620. What is the tens digit of z?
6
Suppose -10*n + 0*n + 50*n = 283640. What is the units digit of n?
1
Suppose 21*y + 426 = 23*y. Let u = y + 186. Suppose 0*p + 7*p - u = 0. What is the tens digit of p?
5
Suppose -5*v + 10 = 0, -3*u + 4*v + 212 = 2*u. Suppose w + u = 113. Suppose 3*q = -0*q + w. What is the units digit of q?
3
Let a(n) = 4*n + 8. Let w be ((-126)/(-105))/((-3)/(-10)). Let i be a(w). What is the units digit of 3198/i + 33/12 + -3?
3
Let u(y) = -y**3 + 11*y**2 + 14*y + 35663. What is the hundreds digit of u(0)?
6
What is the hundreds digit of (-224)/(-2016) - ((-1018582)/18 + -1)?
5
Let y be (232/6 - 2)*6. Suppose 2*g - 20 = -n, 140*n - 141*n + 10 = g. Suppose g*x = -x + y. What is the tens digit of x?
2
Let y be 0 + 8/((-40)/(-2145)). Let w = y - 174. What is the hundreds digit of w?
2
Let i be (-4)/(-5) + -1 - 46/(-5). Suppose -w - i = -64. Suppose -w*q - 99 = -58*q. What is the units digit of q?
3
Let m be 4 + -4 + -27 + 1 + 4. What is the units digit of (-1896)/m + 82/(-451)?
6
Suppose 265 = 4*h + 245. Suppose h*s - 2464 = -6*s. Suppose -s = -0*p - 2*p + 5*x, 4*x - 392 = -4*p. What is the units digit of p?
2
Suppose -4*t = -7*t + 3. Let c(a) = 3*a**3 + 2*a**2 - 2*a - 1. Let g be c(t). Suppose 0 = g*j + 2*o - 50, 5*j - 3*o = -48 + 149. What is the units digit of j?
2
Let u be (1 + 1 - -2)*(-14)/(-8). Suppose 11 = -4*l + 91. Suppose l = u*s - 5*s. What is the tens digit of s?
1
Let d(t) = -4*t**2 - 9*t - 5. Let o(u) = -4*u**2 - 10*u - 4. Let g(q) = -7*d(q) + 6*o(q). Let y be g(-3). Let s = y - -181. What is the units digit of s?
9
Let p be 2 - -1*((-15)/(-3) + -5). Suppose -861 = -p*c - 4*s + 603, -3*s + 2208 = 3*c. What is the hundreds digit of c?
7
Let p = 599 - 1049. Let z(t) = -t**2 - t + 713. Let j be z(0). Let s = j + p. What is the hundreds digit of s?
2
Suppose -7 = x - 3*v - 0*v, -4*x = -v - 16. Suppose 0 = -2*t + x*q + 49, -3*q + 4*q = -1. Let d = 74 - t. What is the units digit of d?
2
Let o = -37 - -37. Suppose -7*u - 178 + 10 = o. What is the units digit of ((-517)/(-44))/((-2)/u)?
1
Let p(q) = -q**2 - 1155. Let u be p(0). Let h = -725 - u. Suppose -5*l + h = -120. What is the units digit of l?
0
Let p = 89 - 80. Suppose y + p - 48 = 0. Let m = 55 - y. What is the tens digit of m?
1
Let r = 22 - 19. Suppose 41 = 4*z - r*a, -5*z + 5*a + 49 = 2*a. What is the units digit of 990/13 + z/(-52)?
6
Let v(a) = -2*a**3 - 137*a**2 + 163*a - 228. What is the hundreds digit of v(-70)?
0
Suppose 0 = 5*w - 4*g - 270552, -162341 = -3*w - 234*g + 235*g. What is the units digit of w?
6
Suppose -16*z = z - 34. Suppose -4*r + 692 + 1208 = -a, -z*a = -2*r + 956. What is the units digit of r?
4
Let z(n) = 9*n**2 + 34*n - 5. Let w be z(-4). Suppose 0 = w*p - t - 2369, -p + 2*t = -951 + 153. What is the units digit of p?
8
Let a = -2536 + 1673. Let w = a - -1290. What is the hundreds digit of w?
4
Let w be (-3*8/(-36))/((-10)/(-16530)). What is the hundreds digit of (-18)/(-12) - w/(-4)?
2
Let c(q) = q**3 + 49*q**2 + 96*q + 152. What is the thousands digit of c(-43)?
7
Let r = -6663 + 43136. What is the hundreds digit of r?
4
Let w be 15 - ((0 + 5)*-1 + 10). Suppose -w*x + 5576 = 7*x. What is the tens digit of x?
2
Let r = -53 - -65. What is the hundreds digit of 2/6 - ((-7868)/r + -8)?
6
Let o = 7567 + -4467. What is the units digit of 4/(-22) + -17*o/(-55)?
8
Let p(z) = -27*z - 17 + z**2 + 22*z - 12. What is the units digit of p(19)?
7
Suppose -5 = -5*n - 2*l - 1, 3*n - 21 = 5*l. Suppose 4*g - 296 = -n*s, -3*s + 164 = 5*g - 278. Let o = s - -43. What is the hundreds digit of o?
1
Suppose 0 = 9*v + 11*v - 145160. Suppose 0 = -17*y - 2*y + v. What is the hundreds digit of y?
3
Let a be (-36)/((-1)/2 - 1). Suppose -4*r + z = -295, 2*r - 2*z = a + 116. What is the units digit of 1/(-3 - (-228)/r)?
5
Suppose -2*x + 15041 + 25014 = 5*m, -2*m = -2*x - 16008. What is the thousands digit of m?
8
Suppose 0 = 143*n - 70*n - 69*n - 54392. What is the thousands digit of n?
3
Let b(x) = x**3 - 15*x**2 + 3*x - 36. Let f be b(15). Suppose -f*r + 345 = -8*r + 3*a, -5*a + 345 = r. What is the tens digit of r?
4
Let f be ((-50)/(-15))/(-10)*-1938. Let h = f + -308. What is the tens digit of h?
3
Let y(s) = -108*s + 15. Let m be y(9). Let q = 1451 + m. What is the hundreds digit of q?
4
Let m(r) = -3*r**3 + 3*r**2 - 3*r - 8. Suppose -12 = -10*u + 18. Suppose 5*p - f = -0*p - 22, u*f = 3*p + 18. What is the units digit of m(p)?
4
What is the tens digit 